{"id":20,"date":"2026-05-03T21:21:24","date_gmt":"2026-05-03T20:21:24","guid":{"rendered":"https:\/\/internet.smslowianin.pl\/?page_id=20"},"modified":"2026-05-03T21:53:41","modified_gmt":"2026-05-03T20:53:41","slug":"kontakt","status":"publish","type":"page","link":"https:\/\/internet.smslowianin.pl\/?page_id=20","title":{"rendered":"Kontakt"},"content":{"rendered":"\n<div class=\"wp-block-group alignfull has-accent-background-color has-background has-global-padding is-layout-constrained wp-container-core-group-is-layout-669513ed wp-block-group-is-layout-constrained\" style=\"margin-top:0;margin-bottom:0;padding-top:var(--wp--preset--spacing--50);padding-right:var(--wp--preset--spacing--50);padding-bottom:var(--wp--preset--spacing--50);padding-left:var(--wp--preset--spacing--50)\">\n<div class=\"wp-block-columns alignwide is-layout-flex wp-container-core-columns-is-layout-1da03c2a wp-block-columns-is-layout-flex\">\n<div class=\"wp-block-column is-vertically-aligned-stretch is-layout-flow wp-block-column-is-layout-flow\" style=\"flex-basis:50%\">\n<div class=\"wp-block-group is-vertical is-content-justification-stretch is-layout-flex wp-container-core-group-is-layout-444d5ee8 wp-block-group-is-layout-flex\" style=\"min-height:100%\">\n<p class=\"has-heading-font-family has-large-font-size\" style=\"line-height:1.2\">S.M. L-W <strong>S\u0141OWIANIN<\/strong><\/p>\n\n\n\n<p class=\"has-text-align-left has-medium-font-size\">SP\u00d3\u0141DZIELNIA MIESZKANIOWA LOKATORSKO-W\u0141ASNO\u015aCIOWA<\/p>\n\n\n\n<p>ul. Niedzia\u0142kowskiego 9<br>72-600 \u015awinouj\u015bcie<br>tel. <strong>91 3278515<\/strong><br>fax. <strong>91 3513333<\/strong><\/p>\n\n\n\n<p>e-mail: <a href=\"mailto:multimedia@smslowianin.pl\">Biuro Obs\u0142ugi Abonenta<\/a><\/p>\n\n\n\n<p class=\"has-large-font-size\"><strong>Pogotowie techniczne<\/strong><\/p>\n\n\n\n<p>ul. J. Matejki 38<br>72-600 \u015awinouj\u015bcie<br>tel. <strong>91 3513445<\/strong><\/p>\n\n\n\n<p><\/p>\n<\/div>\n<\/div>\n\n\n\n<div class=\"wp-block-column is-vertically-aligned-center is-layout-flow wp-block-column-is-layout-flow\" style=\"flex-basis:50%\">\n<figure class=\"wp-block-image size-large is-style-rounded is-style-rounded--1\"><img decoding=\"async\" src=\"https:\/\/internet.smslowianin.pl\/wp-content\/themes\/twentytwentyfour\/assets\/images\/museum.webp\" alt=\"A ramp along a curved wall in the Kiasma Museu, Helsinki, Finland\" style=\"aspect-ratio:3\/4;object-fit:cover\"\/><\/figure>\n<\/div>\n<\/div>\n<\/div>\n\n\n\n<div class=\"wp-block-group alignfull has-global-padding is-layout-constrained wp-container-core-group-is-layout-d89aad35 wp-block-group-is-layout-constrained\" style=\"margin-top:0;margin-bottom:0;padding-top:var(--wp--preset--spacing--50);padding-right:var(--wp--preset--spacing--50);padding-bottom:var(--wp--preset--spacing--50);padding-left:var(--wp--preset--spacing--50)\">\n<iframe src=\"https:\/\/www.google.com\/maps\/embed?pb=!1m18!1m12!1m3!1d2301.19319041893!2d14.240122876708451!3d53.911224772458475!2m3!1f0!2f0!3f0!3m2!1i1024!2i768!4f13.1!3m3!1m2!1s0x47aa590014170db7%3A0xb8aa6964e82fe811!2sBOA%20SM%20L-W%20S%C5%82owianin!5e1!3m2!1spl!2spl!4v1777841465726!5m2!1spl!2spl\" width=\"600\" height=\"450\" style=\"border:0;\" allowfullscreen=\"\" loading=\"lazy\" referrerpolicy=\"no-referrer-when-downgrade\"><\/iframe>\n<\/div>\n","protected":false},"excerpt":{"rendered":"<p>S.M. L-W S\u0141OWIANIN SP\u00d3\u0141DZIELNIA MIESZKANIOWA LOKATORSKO-W\u0141ASNO\u015aCIOWA ul. Niedzia\u0142kowskiego 972-600 \u015awinouj\u015bcietel. 91 3278515fax. 91 3513333 e-mail: Biuro Obs\u0142ugi Abonenta Pogotowie techniczne ul. J. Matejki 3872-600 \u015awinouj\u015bcietel. 91 3513445<\/p>\n","protected":false},"author":1,"featured_media":0,"parent":0,"menu_order":0,"comment_status":"closed","ping_status":"closed","template":"","meta":{"footnotes":""},"class_list":["post-20","page","type-page","status-publish","hentry"],"_links":{"self":[{"href":"https:\/\/internet.smslowianin.pl\/index.php?rest_route=\/wp\/v2\/pages\/20","targetHints":{"allow":["GET"]}}],"collection":[{"href":"https:\/\/internet.smslowianin.pl\/index.php?rest_route=\/wp\/v2\/pages"}],"about":[{"href":"https:\/\/internet.smslowianin.pl\/index.php?rest_route=\/wp\/v2\/types\/page"}],"author":[{"embeddable":true,"href":"https:\/\/internet.smslowianin.pl\/index.php?rest_route=\/wp\/v2\/users\/1"}],"replies":[{"embeddable":true,"href":"https:\/\/internet.smslowianin.pl\/index.php?rest_route=%2Fwp%2Fv2%2Fcomments&post=20"}],"version-history":[{"count":4,"href":"https:\/\/internet.smslowianin.pl\/index.php?rest_route=\/wp\/v2\/pages\/20\/revisions"}],"predecessor-version":[{"id":30,"href":"https:\/\/internet.smslowianin.pl\/index.php?rest_route=\/wp\/v2\/pages\/20\/revisions\/30"}],"wp:attachment":[{"href":"https:\/\/internet.smslowianin.pl\/index.php?rest_route=%2Fwp%2Fv2%2Fmedia&parent=20"}],"curies":[{"name":"wp","href":"https:\/\/api.w.org\/{rel}","templated":true}]}}